False
Is 855 a factor of 4020315?
False
Is 4 a factor of 93611?
False
Does 112 divide 146664?
False
Does 235 divide 10273495?
True
Does 339 divide 86445?
True
Is 18515 a multiple of 23?
True
Does 6 divide 280826?
False
Is 49 a factor of 133701?
False
Is 8 a factor of 315647?
False
Is 485622 a multiple of 107?
False
Does 1521 divide 12522623?
False
Does 38 divide 50502?
True
Is 33188 a multiple of 19?
False
Is 942870 a multiple of 23?
False
Is 8931981 a multiple of 5?
False
Is 20 a factor of 4645?
False
Does 115 divide 241416?
False
Is 993187 a multiple of 10?
False
Does 15 divide 203646?
False
Is 141217 a multiple of 153?
False
Is 15 a factor of 35555?
False
Is 325530 a multiple of 6?
True
Is 595350 a multiple of 210?
True
Is 1281208 a multiple of 19?
True
Does 375 divide 1982250?
True
Does 48 divide 730662?
False
Is 133 a factor of 307239?
False
Is 20 a factor of 15015?
False
Is 6281110 a multiple of 55?
True
Does 5 divide 272635?
True
Is 220920 a multiple of 10?
True
Is 76 a factor of 12595?
False
Is 3390287 a multiple of 19?
False
Is 155807 a multiple of 135?
False
Is 180 a factor of 584830?
False
Is 75426 a multiple of 27?
False
Is 59 a factor of 193815?
True
Is 50777 a multiple of 58?
False
Is 2695692 a multiple of 4?
True
Does 11 divide 18264?
False
Is 139 a factor of 665254?
True
Is 587 a factor of 95094?
True
Is 1127160 a multiple of 360?
True
Is 118 a factor of 162840?
True
Is 213714 a multiple of 352?
False
Is 1171043 a multiple of 659?
True
Does 5 divide 49?
False
Does 240 divide 9433794?
False
Does 86 divide 289601?
False
Does 16 divide 833792?
True
Does 4 divide 559120?
True
Is 993024 a multiple of 36?
True
Is 228 a factor of 175104?
True
Is 96 a factor of 31754?
False
Does 1048 divide 2109102?
False
Is 12 a factor of 5897136?
True
Does 686 divide 2009980?
True
Is 198 a factor of 17428047?
False
Does 40 divide 66695?
False
Is 8 a factor of 333768?
True
Is 153 a factor of 1122714?
True
Is 127083 a multiple of 11?
True
Does 9 divide 859922?
False
Is 394236 a multiple of 564?
True
Does 9 divide 185634?
True
Does 21 divide 395073?
True
Is 23904 a multiple of 12?
True
Does 516 divide 2639340?
True
Does 22 divide 12659284?
True
Is 2 a factor of 28096?
True
Is 382 a factor of 245537?
False
Does 35 divide 580358?
False
Does 7 divide 12544651?
True
Does 815 divide 491695?
False
Is 691314 a multiple of 47?
False
Does 58 divide 132356?
True
Is 5994 a multiple of 9?
True
Is 10490538 a multiple of 146?
True
Is 35 a factor of 21315?
True
Does 524 divide 7382112?
True
Is 3 a factor of 104796?
True
Does 191 divide 143487?
False
Is 129 a factor of 157380?
True
Is 13 a factor of 185622?
False
Is 16 a factor of 13163456?
True
Is 202 a factor of 307415?
False
Is 4128863 a multiple of 39?
False
Is 9594197 a multiple of 215?
False
Is 2910280 a multiple of 199?
False
Is 376 a factor of 37988?
False
Is 46 a factor of 6721?
False
Does 43 divide 290096?
False
Is 53105 a multiple of 95?
True
Is 685400 a multiple of 115?
True
Does 173 divide 1063431?
True
Does 4 divide 142693?
False
Does 222 divide 1796401?
False
Is 142 a factor of 1630728?
True
Does 20 divide 528106?
False
Is 233 a factor of 263714?
False
Does 9 divide 334395?
True
Is 4 a factor of 2184059?
False
Is 3 a factor of 15321?
True
Is 18148 a multiple of 96?
False
Is 13 a factor of 546520?
True
Does 2 divide 15757?
False
Is 57 a factor of 2706474?
True
Does 214 divide 886646?
False
Does 74 divide 572875?
False
Is 16 a factor of 191536?
True
Is 286173 a multiple of 11?
False
Is 18 a factor of 36292?
False
Is 349 a factor of 26606?
False
Is 12 a factor of 161256?
True
Is 615205 a multiple of 354?
False
Is 891 a factor of 1840856?
False
Is 6871864 a multiple of 125?
False
Is 17481 a multiple of 63?
False
Is 325 a factor of 1081624?
False
Does 3 divide 46450?
False
Is 68134 a multiple of 163?
True
Does 32 divide 99974?
False
Is 2043540 a multiple of 18?
True
Is 52 a factor of 1356282?
False
Does 50 divide 572700?
True
Is 96 a factor of 789120?
True
Is 23 a factor of 913560?
True
Does 19 divide 25343310?
False
Is 319 a factor of 2946603?
True
Is 873436 a multiple of 87?
False
Is 159125 even?
False
Does 41 divide 151126?
True
Does 9 divide 1387774?
False
Is 69354 a multiple of 18?
True
Is 142 a factor of 341510?
True
Is 2 a factor of 20939?
False
Is 17183 a multiple of 29?
False
Is 16 a factor of 5265693?
False
Is 33620 a multiple of 82?
True
Does 99 divide 1096524?
True
Is 306 a factor of 3211965?
False
Is 103085 a multiple of 25?
False
Is 490 a factor of 80850?
True
Is 79 a factor of 1428686?
False
Is 1830 a factor of 1246340?
False
Does 122 divide 11978381?
False
Is 195 a factor of 1101316?
False
Does 3 divide 27732?
True
Is 137233 a multiple of 15?
False
Is 108 a factor of 1541592?
True
Is 6 a factor of 225204?
True
Is 308 a factor of 3203271?
False
Is 743 a factor of 4092779?
False
Is 18818 a multiple of 26?
False
Is 1046383 a multiple of 12?
False
Is 411 a factor of 3133053?
True
Is 531740 a multiple of 188?
False
Is 203084 a multiple of 14?
True
Is 10015 a multiple of 65?
False
Is 16545222 a multiple of 318?
True
Is 136860 a multiple of 11?
False
Is 13080 a multiple of 19?
False
Does 14 divide 5791282?
True
Is 623798 a multiple of 17?
True
Does 132 divide 4041140?
False
Does 6 divide 683688?
True
Does 159 divide 5131407?
True
Is 1918864 a multiple of 16?
True
Does 296 divide 687016?
True
Is 17 a factor of 1656480?
True
Does 101 divide 2290387?
False
Is 303901 a multiple of 28?
False
Is 1841668 a multiple of 32?
False
Does 29 divide 442138?
False
Is 664 a factor of 97496?
False
Is 5466180 a multiple of 340?
True
Does 28 divide 189362?
False
Is 1907833 a multiple of 23?
False
Is 14193024 a multiple of 552?
True
Is 624606 a multiple of 114?
True
Is 73 a factor of 437854?
True
Is 24 a factor of 319446?
False
Is 1719225 a multiple of 75?
True
Is 71233 a multiple of 36?
False
Is 10378814 a multiple of 193?
False
Is 1078 a factor of 14368394?
False
Does 36 divide 7299036?
True
Does 13 divide 47294?
True
Is 41160 a multiple of 14?
True
Does 32 divide 123392?
True
Is 6980601 a multiple of 1263?
True
Is 58 a factor of 501236?
True
Is 7900655 a multiple of 35?
True
Is 103 a factor of 4629194?
False
Is 43 a factor of 1065310?
False
Is 1809884 a multiple of 1014?
False
Does 227 divide 833544?
True
Is 70 a factor of 93730?
True
Does 191 divide 185087?
False
Is 12578 even?
True
Is 18 a factor of 587409?
False
Does 99 divide 776463?
False
Is 56867 a multiple of 41?
True
Is 195078 a multiple of 61?
True
Does 1207 divide 3550994?
True
Is 30 a factor of 154020?
True
Is 16 a factor of 290448?
True
Does 3 divide 2155246?
False
Does 39 divide 752919?
False
Is 3218012 a multiple of 63?
False
Is 1093773 a multiple of 32?
False
Does 24 divide 60192?
True
Does 16 divide 368560?
True
Does 188 divide 253612?
True
Is 46587 a multiple of 159?
True
Is 51 a factor of 1011794?
False
Is 4 a factor of 23108?
True
Is 3408115 a multiple of 730?
False
Is 410959 a multiple of 37?
True
Is 54 a factor of 10257?
False
Is 334425 a multiple of 245?
True
Does 206 divide 320769?
False
Does 110 divide 617674?
False
Does 10 divide 2179780?
True
Is 384959 a multiple of 5?
False
Is 10 a factor of 101790?
True
Is 55847 a multiple of 12?
False
Is 27 a factor of 308104?
False
Is 4419268 a multiple of 221?
False
Is 19 a factor of 7698692?
False
Is 619344 a multiple of 396?
True
Is 78538 a multiple of 214?
True
Does 76 divide 153772?
False
Does 531 divide 701982?
True
Is 1225875 a multiple of 3?
True
Is 2563237 a multiple of 15?
False
Does 20 divide 129860?
True
Is 17 a factor of 5890573?
False
Is 74 a factor of 908861?
False
Does 17 divide 392169?
False
Is 87 a factor of 138765?
True
Is 35560 a multiple of 51?
False
Is 437985 a multiple of 474?
False
Is 162 a factor of 294516?
True
Is 525429 a multiple of 711?
True
Is 59 a factor of 2589252?
False
Is 36850 a multiple of 11?
True
Is 1759361 a multiple of 3?
False
Is 13 a factor of 7786012?
True
Is 102 a factor of 9894?
True
Is 553445 a multiple of 355?
True
Is 194 a factor of 1242893?
False
Is 338859 a multiple of 32?
False
Is 440209 a multiple of 7?
True
Is 18 a factor of 780696?
True
Does 28 divide 12712?
True
Is 491789 a multiple of 142?
False
Does 3 divide 22522?
False
Is 55 a factor of 5446